{"id":2418,"date":"2018-02-28T20:24:28","date_gmt":"2018-02-28T19:24:28","guid":{"rendered":"http:\/\/blog.mozilla.org\/press-de\/?page_id=2418"},"modified":"2018-02-28T20:24:28","modified_gmt":"2018-02-28T19:24:28","slug":"ataglance","status":"publish","type":"page","link":"https:\/\/blog.mozilla.org\/press-de\/ataglance\/","title":{"rendered":"Mozilla auf einen Blick"},"content":{"rendered":"<h3>Was ist Mozilla?<\/h3>\n<p>Mozilla ist eine global agierende Non-Profit-Organisation, die sich einem besseren Web verschrieben hat. Wir setzen Prinzipien \u00fcber Profite und glauben daran, dass das Web eine gemeinsame und \u00f6ffentliche Quelle ist, um die man sich k\u00fcmmern muss &#8211; und kein Gut, das verkauft werden kann. Wir arbeiten mit einer weltweiten Community, um Open Source Produkte wie Mozilla Firefox zu schaffen und um Innovationen voranzutreiben, die jedem Einzelnen und dem ganzen Web gut tun. Das Resultat sind gro\u00dfartige Produkte &#8211; gebaut von begeisterten Menschen &#8211; und eine gr\u00f6\u00dfere Auswahl f\u00fcr jedermann.<\/p>\n<h3>Was ist die Mozilla Community? <\/h3>\n<ul>\n<li>Mehr als 1.000 Freiwillige tragen ihren Teil zum Firefox Code bei<\/li>\n<li>400.000 Menschen unterst\u00fctzen Mozilla durch unser Bugtracking-System <a href=\"https:\/\/bugzilla.mozilla.org\/\" rel=\"external\">Bugzilla<\/a><\/li>\n<li><a href=\"http:\/\/support.mozilla.org\/\" rel=\"external\">SUMO<\/a>, Mozillas communitygetriebene Support-Seite, hilft durchschnittlich 10.000 Firefox-Nutzern in der Woche<\/li>\n<li>Studenten aus mehr als 600 Institutionen in 57 L\u00e4ndern verbreiten Firefox als Mozilla Campus Representatives.<\/li>\n<\/ul>\n<h3>Fast Facts<\/h3>\n<ul>\n<li>Mehr als 450 Millionen Menschen weltweit nutzen Firefox<\/li>\n<li>Firefox ist eine kostenlose Open Source Software, deren Code zu zirka 40 Prozent von Freiwilligen generiert wird <\/li>\n<li>Der weltweite Marktanteil von Firefox liegt bei 30 Prozent<\/li>\n<\/ul>\n","protected":false},"excerpt":{"rendered":"<p>Was ist Mozilla? Mozilla ist eine global agierende Non-Profit-Organisation, die sich einem besseren Web verschrieben hat. Wir setzen Prinzipien \u00fcber Profite und glauben daran, dass das Web eine gemeinsame und &hellip; <a class=\"go\" href=\"https:\/\/blog.mozilla.org\/press-de\/ataglance\/\">Mehr lesen<\/a><\/p>\n","protected":false},"author":728,"featured_media":0,"parent":0,"menu_order":0,"comment_status":"closed","ping_status":"closed","template":"","meta":{"footnotes":""},"_links":{"self":[{"href":"https:\/\/blog.mozilla.org\/press-de\/wp-json\/wp\/v2\/pages\/2418"}],"collection":[{"href":"https:\/\/blog.mozilla.org\/press-de\/wp-json\/wp\/v2\/pages"}],"about":[{"href":"https:\/\/blog.mozilla.org\/press-de\/wp-json\/wp\/v2\/types\/page"}],"author":[{"embeddable":true,"href":"https:\/\/blog.mozilla.org\/press-de\/wp-json\/wp\/v2\/users\/728"}],"replies":[{"embeddable":true,"href":"https:\/\/blog.mozilla.org\/press-de\/wp-json\/wp\/v2\/comments?post=2418"}],"version-history":[{"count":0,"href":"https:\/\/blog.mozilla.org\/press-de\/wp-json\/wp\/v2\/pages\/2418\/revisions"}],"wp:attachment":[{"href":"https:\/\/blog.mozilla.org\/press-de\/wp-json\/wp\/v2\/media?parent=2418"}],"curies":[{"name":"wp","href":"https:\/\/api.w.org\/{rel}","templated":true}]}}